 - 5*b. Determine j(r).
1
Let n = -3138 - -3135. Let t(k) = -23*k + 4. Calculate t(n).
73
Let y(m) = -5*m**3 - 2*m**2 + m. Let t = 746 - 437. Let w = 310 - t. Determine y(w).
-6
Let q be 2948/(-335)*(-15)/(-6). Let p(m) = m**2 + 18*m - 97. Calculate p(q).
-9
Let p = -4655 - -4655. Let r(x) = x - 97. Give r(p).
-97
Let g be (1092/18)/7*39/(-2). Let k = g - -924. Let c(i) = 754 - i**3 - k + 0*i**3. Determine c(1).
-2
Let c(t) be the second derivative of t**5/20 + t**4/6 - t**3/2 - t**2/2 - 618*t + 1. Let n be (-1)/(20/(-12) - -2). Calculate c(n).
-1
Let b(l) = 6*l**2 - 3*l + 24. Let u(d) = -23*d**2 + 14*d - 108. Let a(p) = -9*b(p) - 2*u(p). Give a(1).
-9
Let p(h) be the third derivative of -h**4/12 + 25*h**3/3 - h**2 + 15*h. Let g be p(25). Let c(f) = 3 - f**2 + 0*f**2 - 11 + f. Calculate c(g).
-8
Let f(d) = d**2 + 8*d. Let c be (-7 + 3)/(-8)*8. Suppose 4*p - 5 = 5*p - v, p + c*v = 0. Let t be p + (-3 - 4) + 4. What is f(t)?
-7
Let l(d) = d**2 + 4*d - 3. Let g be l(-5). Suppose -g*p = -4*j + 26, 7*p + 5*j = 2*p - 20. Let a(h) = -149 + 54 + 50 + 0*h + 51 + h. What is a(p)?
-1
Suppose 15*u = 57*u - 378. Let s(h) = -h - 6. Let g be s(-7). Let d(w) = w**2 - w. Let p(i) = -i**3 + 12*i**2 - 9*i - 13. Let r(x) = g*p(x) - 2*d(x). Give r(u).
5
Let u(f) = 1152*f + 11499. Let m be u(-10). Let n(h) = h**3 + 21*h**2 - 7*h - 64. Calculate n(m).
83
Let j = -288 - -293. Suppose -34 = -2*x + j*l, -2*x + 2*l = -0*l - 28. Let c(f) = -f**3 + 12*f**2 + 2*f - 18. What is c(x)?
6
Let b(a) be the third derivative of -a**5/60 - 7*a**4/24 + 5*a**3/3 + 378*a**2. Suppose -16*t + 2*x - 19 = -13*t, -5*x = -4*t - 23. Give b(t).
10
Let x(z) = 19*z**2 + 17*z + 646. Let c(a) = 2*a**2 - a + 53. Let f(q) = 12*c(q) - x(q). Calculate f(6).
-4
Let f(d) = -d**3 - 4*d**2 + 5. Let l(c) = -c**2 - 2*c - 6. Let i be l(-2). Let r be 4/i - 1/((-18)/(-60)). Give f(r).
5
Let x(p) be the first derivative of p**3/3 + 15*p**2 + 85*p + 5159. Calculate x(-3).
4
Let s(g) = g**2 - 4*g - 19. Suppose 15*z - 19*z + 43 = u, -2*u + 31 = 3*z. Suppose -z*b + 66 = -0*b. What is s(b)?
-7
Suppose 152 = 62*z - 138*z. Let r(a) = 13*a - 3. Calculate r(z).
-29
Let j(a) = 3*a**2 + 16*a + 2. Let x(w) = 2*w**2 + w + 1. Let t(y) = 2*y**2 + 19*y. Let u(r) = -t(r) - x(r). Let m(d) = -5*j(d) - 4*u(d). What is m(0)?
-6
Let s(j) = 2*j**2 - 53*j + 52. Suppose 26*h - 251 = -4*h + 499. Determine s(h).
-23
Let m = -4426 - -4431. Let n(q) = 6*q**3 + q**2 - 5*q - 2. Let x(p) = -5*p**3 + 5*p + 3. Let s(o) = 4*n(o) + 5*x(o). What is s(m)?
7
Suppose -401*t + 410*t = 0. Let x(s) = -s + 2*s**2 - 16*s**3 + 9*s**3 - 6 + t*s**3 + 6*s**3 + 2*s**3. Give x(0).
-6
Let n = -45 + 42. Let t be (0/(-5))/(-1 - n). Suppose t = q + 4*k - 17, 5*k - 29 - 11 = 5*q. Let p(s) = s**2 - 4. Calculate p(q).
5
Let l = 1 - 6. Let y(a) = -138. Let c(t) = t + 174. Let z(x) = -4*c(x) - 5*y(x). What is z(l)?
14
Suppose 29*v = 40*v - 198. Let b = -12 + v. Let f(c) = -c**2 + 7*c. Determine f(b).
6
Let f(c) = c**2 - 8*c + 5. Let u be (-8)/(-3)*480/(-640) - (-10 - -2). Determine f(u).
-7
Let s = 91 + -89. Suppose -8 = -s*w - c - c, 5 = 5*c. Let x(f) = -f - 3 + 2*f - w*f. What is x(-4)?
5
Suppose 1122*k + j - 11 = 1117*k, -2*k + 2*j = -2. Let g(h) be the first derivative of 31 + 1/3*h**3 + 5*h**k + 0*h. Give g(-9).
-9
Let w(n) = -4*n**3 + 0 - 6*n**2 - 9 + 7852*n - 7851*n. Let a(r) = 2*r**3 + 3*r**2 + 4. Let h(v) = 7*a(v) + 3*w(v). What is h(-2)?
-9
Let l(w) = -2*w**2 + 2*w - 1. Let v be (-6 - -10) + 6/(-1). Let q be (-4 - (v + -4)) + 0. What is l(q)?
-5
Suppose 27*r - 18 = 30*r. Let p(z) = -62 + 39 - 30 + 35 - 4*z. Give p(r).
6
Let g = -12668 + 12677. Let z(s) = 2*s + 13. Let y(x) = -x - 7. Let u(r) = -5*y(r) - 2*z(r). Calculate u(g).
18
Suppose 4*l + 2*k + 2*k - 504 = 0, 2*k - 627 = -5*l. Let n(s) = -s + 54 - l + 43 + 40 + 2*s. Suppose 0 = 5*o + 26 - 1. What is n(o)?
7
Suppose 729 = -10*q - 471. Let g = q + 126. Let r(f) = -f**2 + 5*f + 5. What is r(g)?
-1
Let o(x) = 2*x**3 + 7*x**2 - 7*x - 3. Let g(a) = a + 5. Let y be g(-9). Let i be o(y). Let k(l) = -9*l - i*l**2 + 10*l**2 + l. Determine k(5).
-15
Let r(v) = -315 + 39 - 32*v + v**2 + 102 + 83. Give r(-3).
14
Let j = -1563 - -1560. Let u(h) = -28*h - 40. Determine u(j).
44
Let f = 1334 - 1331. Let m(s) = 7*s**3 + 19*s**2 - 9*s - 10. Let w(z) = z - 4*z**3 - 10*z**2 + z + 3*z + 5. Let x(p) = f*m(p) + 5*w(p). Calculate x(-7).
9
Let s(u) = u**2 + 12*u + 4. Let h(i) = -3*i**2 - 30*i - 8. Let l(f) = 2*h(f) + 5*s(f). Determine l(-5).
-21
Let v(i) = 2*i**2 + 16*i - 14. Let s be v(-9). Let d be s/2 + -4 + 8. Let l(n) be the first derivative of -n**4/4 + 2*n**3 + n**2/2 - 3*n - 5. Calculate l(d).
3
Let d(c) = c**3 + 6*c**2 + c + 42. Let z be (2/(-8))/((-36)/(-1072)) - (-520)/1170. What is d(z)?
-14
Let c(w) be the second derivative of -93*w + 0 - 5/6*w**3 + 1/2*w**2. Determine c(3).
-14
Let a(m) be the second derivative of 3/2*m**2 - 120*m - 7/6*m**3 + 0. Calculate a(2).
-11
Let d(c) = -c**3 - 1154*c + 1155*c + 3 + 0*c**3 - 6 + 2 - 5*c**2. Suppose -30 = -2*p + 8*p. Determine d(p).
-6
Let p(v) = v**2 + 9*v + 56. Let o be p(-21). Let t = -312 + o. Let y(u) = u**2 + 5*u + 3. Determine y(t).
-1
Let b(f) = 3*f + 5. Let w(t) = t**3 + 28*t**2 + 26*t - 32. Let x be w(-27). Let z be b(x). Let m(s) = s**2 + 6*s - 10. Give m(z).
30
Let x be -4 + 3/((-12)/(-40)) + -1. Let w(h) be the second derivative of -2/3*h**4 - 10*h - 1/20*h**x + 1/6*h**3 + 0 + h**2. Calculate w(-8).
-6
Let t = -2 + 12. Let c(y) = -57*y + 268*y - 51*y - 53*y - 54*y - 14 - 52*y. Calculate c(t).
-4
Let h(y) be the first derivative of 5*y**2 + 6*y + 88. Let q(z) = -14*z - 7. Let k(v) = -4*h(v) - 3*q(v). What is k(4)?
5
Suppose 0 = -0*z + z - 13. Let x(f) be the third derivative of f**5/60 - 7*f**4/12 + 3*f**3/2 - f**2 + 4*f + 147. What is x(z)?
-4
Suppose 21 = i - 2*b, 50 = 8542*i - 8540*i - 5*b. Let y(n) be the third derivative of -n - 5/24*n**4 + 1/2*n**3 + n**2 + 0 + 1/60*n**i. What is y(7)?
17
Let i be 3/(-7)*2/((-6)/21). Suppose -x = 2*h - i*x + 4, -3*h - 4*x = 41. Let f(p) = -p**3 - 8*p**2 - 6*p + 1. What is f(h)?
-6
Let k(v) = -1881*v - 8*v**2 - 43 + 48 + 1901*v. Determine k(3).
-7
Let o(p) be the first derivative of p**2/2 - p - 52. Let d(x) = -x**2 + 7*x + 16. Let b be d(9). Let v be (-2 - b)/(5/((-25)/(-15))). Calculate o(v).
-1
Let k be 7/(7/5) - (2 + -3). Suppose 5*o + 32 = -2*f + 6*f, 3*o + k = -2*f. Let r(u) = u**3 - 4*u**2 + 2*u - 4. Determine r(f).
-7
Suppose -22*v + 19*v = -6. Let w be 3/(-4)*(-8)/3. Let z(g) = 53*g - v*g**w - 105*g + 54*g + 1. Determine z(3).
-11
Let h be ((-40)/(-6) + -6)/(7/21). Let q(i) = 0*i + i - 1 - 2*i + i**3. Give q(h).
5
Let b = -130 - -132. Let d(r) = -b*r**3 + 9*r**2 + 960*r + 3*r**3 + 12 - 959*r. Determine d(-9).
3
Let z = -31 - -34. Let j(r) = -2*r**2 + 67 - 2*r + r**3 - r**2 - 2*r + 68 - 133. Give j(z).
-10
Let r(c) = 3*c**2 - 8*c + 36. Let n(v) = v**2 - 3*v + 13. Let j(p) = 11*n(p) - 4*r(p). Calculate j(-2).
-3
Suppose 39 = b + 2*t, -2*b + 5*b = -5*t + 117. Let x be (b/(-6) + 5)*12/9. Let n(a) = 2*a**2 + 2*a + 2. Calculate n(x).
6
Let y(s) be the second derivative of 0 - 1/120*s**6 + 1/3*s**3 - s + 0*s**4 + 1/15*s**5 - s**2. Let t(u) be the first derivative of y(u). Calculate t(4).
2
Let k(p) be the second derivative of p**6/120 - p**5/10 + p**4/8 + 2*p**3/3 - 23*p**2/2 + 14*p + 1. Let o(m) be the first derivative of k(m). What is o(5)?
-6
Let x(b) = -b**3 - b**2 - 4*b + 5. Let r(t) = t**3 + 4*t - 6. Let i(z) = -4*r(z) - 5*x(z). Let m = 324004 - 324009. Give i(m).
-21
Let x(o) = o**2 + 5*o - 4. Let b(u) be the second derivative of 12*u**2 + 0 - 1/6*u**3 + 32*u - 1/12*u**4. Let m be b(5). Calculate x(m).
2
Let n(x) = x**3 + 9*x**2 - 20*x - 9. Let r be n(-13). Let t = 431 + r. Let s(l) = -7*l + 3. Calculate s(t).
-39
Let k(p) = -p**2 - 4*p - 7. Let s(q) = 33*q - 3144. Let c be s(95). Determine k(c).
-52
Let k(i) = -i**2 + i + 3. Let z = -615 - -629. Suppose -5*p + 15 = -70. Let s = p - z. Give k(s).
-3
Let v(k) be the second derivative of 13/6*k**3 + 3/8*k**4 + 0 + 17*k**2 - 1/60*k**5 - 27*k. Let d(j) be the first derivative of v(j). Determine d(10).
3
Let q = 3369 + -3367. Let f(t) be the third derivative of 1/20*t**5 - 1/6*t**4 + 0 + 0*t + 0*t**3 + 7*t**q + 1/120*t**6. Give f(-4).
0
Suppose 25*k + 410 - 310 = 0. 